{"id":5378,"date":"2023-03-07T21:38:52","date_gmt":"2023-03-07T21:38:52","guid":{"rendered":"https:\/\/new.grupoexpro.com\/?page_id=5378"},"modified":"2026-04-01T14:15:44","modified_gmt":"2026-04-01T14:15:44","slug":"certificaciones","status":"publish","type":"page","link":"https:\/\/grupoexpro.com\/peru\/certificaciones\/","title":{"rendered":"Certificaciones \/\/ Calidad y seguridad respaldadas"},"content":{"rendered":"\t\t<div data-elementor-type=\"wp-page\" data-elementor-id=\"5378\" class=\"elementor elementor-5378\">\n\t\t\t\t\t\t\t\t\t<section class=\"elementor-section elementor-top-section elementor-element elementor-element-451f8ef elementor-section-content-middle ot-traditional elementor-section-boxed elementor-section-height-default elementor-section-height-default\" data-id=\"451f8ef\" data-element_type=\"section\" data-settings=\"{&quot;background_background&quot;:&quot;classic&quot;}\">\n\t\t\t\t\t\t<div class=\"elementor-container elementor-column-gap-extended\">\n\t\t\t\t\t<div class=\"elementor-column elementor-col-50 elementor-top-column elementor-element elementor-element-562bbd4 ot-flex-column-vertical\" data-id=\"562bbd4\" data-element_type=\"column\">\n\t\t\t<div class=\"elementor-widget-wrap elementor-element-populated\">\n\t\t\t\t\t\t\t\t<div class=\"elementor-element elementor-element-aba87a7 elementor-widget elementor-widget-image\" data-id=\"aba87a7\" data-element_type=\"widget\" data-widget_type=\"image.default\">\n\t\t\t\t<div class=\"elementor-widget-container\">\n\t\t\t<style>\/*! elementor - v3.11.3 - 07-03-2023 *\/\n.elementor-widget-image{text-align:center}.elementor-widget-image a{display:inline-block}.elementor-widget-image a img[src$=\".svg\"]{width:48px}.elementor-widget-image img{vertical-align:middle;display:inline-block}<\/style>\t\t\t\t\t\t\t\t\t\t\t\t<img loading=\"lazy\" decoding=\"async\" width=\"710\" height=\"697\" src=\"https:\/\/grupoexpro.com\/peru\/wp-content\/uploads\/2026\/03\/Certificaciones-GrupoExpro.png\" class=\"attachment-full size-full wp-image-16603\" alt=\"\" srcset=\"https:\/\/grupoexpro.com\/peru\/wp-content\/uploads\/2026\/03\/Certificaciones-GrupoExpro.png 710w, https:\/\/grupoexpro.com\/peru\/wp-content\/uploads\/2026\/03\/Certificaciones-GrupoExpro-300x295.png 300w\" sizes=\"auto, (max-width: 710px) 100vw, 710px\" \/>\t\t\t\t\t\t\t\t\t\t\t\t\t\t\t<\/div>\n\t\t\t\t<\/div>\n\t\t\t\t\t<\/div>\n\t\t<\/div>\n\t\t\t\t<div class=\"elementor-column elementor-col-50 elementor-top-column elementor-element elementor-element-f345455 ot-flex-column-vertical\" data-id=\"f345455\" data-element_type=\"column\">\n\t\t\t<div class=\"elementor-widget-wrap elementor-element-populated\">\n\t\t\t\t\t\t\t\t<div class=\"elementor-element elementor-element-80734a5 elementor-widget elementor-widget-iheading\" data-id=\"80734a5\" data-element_type=\"widget\" data-widget_type=\"iheading.default\">\n\t\t\t\t<div class=\"elementor-widget-container\">\n\t\t\t\t\t<div class=\"ot-heading\">\r\n\t        \t            <span>\/\/ Empresa<\/span>\r\n\t        <h2 class=\"main-heading\">Nuestras<br> Certificaciones <\/h2>\t    <\/div>\r\n\t    \t\t<\/div>\n\t\t\t\t<\/div>\n\t\t\t\t<div class=\"elementor-element elementor-element-e2149c2 elementor-widget elementor-widget-text-editor\" data-id=\"e2149c2\" data-element_type=\"widget\" data-widget_type=\"text-editor.default\">\n\t\t\t\t<div class=\"elementor-widget-container\">\n\t\t\t<style>\/*! elementor - v3.11.3 - 07-03-2023 *\/\n.elementor-widget-text-editor.elementor-drop-cap-view-stacked .elementor-drop-cap{background-color:#818a91;color:#fff}.elementor-widget-text-editor.elementor-drop-cap-view-framed .elementor-drop-cap{color:#818a91;border:3px solid;background-color:transparent}.elementor-widget-text-editor:not(.elementor-drop-cap-view-default) .elementor-drop-cap{margin-top:8px}.elementor-widget-text-editor:not(.elementor-drop-cap-view-default) .elementor-drop-cap-letter{width:1em;height:1em}.elementor-widget-text-editor .elementor-drop-cap{float:left;text-align:center;line-height:1;font-size:50px}.elementor-widget-text-editor .elementor-drop-cap-letter{display:inline-block}<\/style>\t\t\t\t<p data-start=\"339\" data-end=\"734\">En <strong data-start=\"342\" data-end=\"356\">GrupoExpro<\/strong> contamos con un s\u00f3lido portafolio de <strong data-start=\"394\" data-end=\"442\">certificaciones profesionales y corporativas<\/strong> que respalda nuestra experiencia, compromiso con la excelencia y enfoque en resultados. Estas acreditaciones no solo demuestran nuestras capacidades en seguridad, sino que tambi\u00e9n certifican nuestra gesti\u00f3n integral en calidad, procesos, cumplimiento normativo y buenas pr\u00e1cticas operativas.<\/p><p data-start=\"736\" data-end=\"1104\">Contar con certificaciones reconocidas es una prueba tangible de que nuestros servicios y soluciones cumplen con <strong data-start=\"849\" data-end=\"879\">est\u00e1ndares internacionales<\/strong>, regulaciones sectoriales y demandas espec\u00edficas de clientes exigentes. Estas certificaciones fortalecen nuestra competitividad, mejoran nuestra gesti\u00f3n interna y entregan mayor confianza a las organizaciones que nos eligen.<\/p>\t\t\t\t\t\t<\/div>\n\t\t\t\t<\/div>\n\t\t\t\t\t<\/div>\n\t\t<\/div>\n\t\t\t\t\t\t\t<\/div>\n\t\t<\/section>\n\t\t\t\t<section class=\"elementor-section elementor-top-section elementor-element elementor-element-f8ce500 ot-traditional elementor-section-boxed elementor-section-height-default elementor-section-height-default\" data-id=\"f8ce500\" data-element_type=\"section\">\n\t\t\t\t\t\t<div class=\"elementor-container elementor-column-gap-default\">\n\t\t\t\t\t<div class=\"elementor-column elementor-col-100 elementor-top-column elementor-element elementor-element-8293bd3 ot-flex-column-vertical\" data-id=\"8293bd3\" data-element_type=\"column\">\n\t\t\t<div class=\"elementor-widget-wrap elementor-element-populated\">\n\t\t\t\t\t\t\t\t<section class=\"elementor-section elementor-inner-section elementor-element elementor-element-b05b624 elementor-section-full_width ot-traditional elementor-section-height-default elementor-section-height-default\" data-id=\"b05b624\" data-element_type=\"section\">\n\t\t\t\t\t\t<div class=\"elementor-container elementor-column-gap-extended\">\n\t\t\t\t\t<div class=\"elementor-column elementor-col-33 elementor-inner-column elementor-element elementor-element-59445f2 ot-flex-column-vertical\" data-id=\"59445f2\" data-element_type=\"column\">\n\t\t\t<div class=\"elementor-widget-wrap elementor-element-populated\">\n\t\t\t\t\t\t\t\t<div class=\"elementor-element elementor-element-c4c439c elementor-widget elementor-widget-iserv_box_2\" data-id=\"c4c439c\" data-element_type=\"widget\" data-widget_type=\"iserv_box_2.default\">\n\t\t\t\t<div class=\"elementor-widget-container\">\n\t\t\t\r\n\t\t<div class=\"serv-box-2 s2\">\r\n\t\t\t<span class=\"big-number\">01<\/span>\r\n\t\t\t<div class=\"icon-main\">\r\n\t\t        \t\t\t    \t\t        <span class=\"flaticon-shield\"><\/span>\t        <\/div>\r\n\t        <div class=\"content-box\">\r\n\t            <h5>ISO 9001:2015<\/h5>\r\n\t\t\t\t<div><br> <img loading=\"lazy\" decoding=\"async\" src=\"https:\/\/grupoexpro.com\/peru\/wp-content\/uploads\/2025\/05\/iso_9001.png\" alt=\"\" width=\"146\" height=\"145\"> <\/div>\r\n\t\t\t\t<a class=\"btn-details\"><\/a>\r\n\t        <\/div>\r\n\t    <\/div>\r\n\r\n\t    \t\t<\/div>\n\t\t\t\t<\/div>\n\t\t\t\t\t<\/div>\n\t\t<\/div>\n\t\t\t\t<div class=\"elementor-column elementor-col-33 elementor-inner-column elementor-element elementor-element-3b8d8d0 ot-flex-column-vertical\" data-id=\"3b8d8d0\" data-element_type=\"column\">\n\t\t\t<div class=\"elementor-widget-wrap elementor-element-populated\">\n\t\t\t\t\t\t\t\t<div class=\"elementor-element elementor-element-b7a5f33 elementor-widget elementor-widget-iserv_box_2\" data-id=\"b7a5f33\" data-element_type=\"widget\" data-widget_type=\"iserv_box_2.default\">\n\t\t\t\t<div class=\"elementor-widget-container\">\n\t\t\t\r\n\t\t<div class=\"serv-box-2 s2\">\r\n\t\t\t<span class=\"big-number\">02<\/span>\r\n\t\t\t<div class=\"icon-main\">\r\n\t\t        \t\t\t    \t\t        <span class=\"flaticon-shield\"><\/span>\t        <\/div>\r\n\t        <div class=\"content-box\">\r\n\t            <h5>ISO 14001:2015<\/h5>\r\n\t\t\t\t<div><br> <img loading=\"lazy\" decoding=\"async\" src=\"https:\/\/grupoexpro.com\/peru\/wp-content\/uploads\/2025\/05\/iso_14001.png\" alt=\"\" width=\"146\" height=\"145\"> <\/div>\r\n\t\t\t\t<a class=\"btn-details\"><\/a>\r\n\t        <\/div>\r\n\t    <\/div>\r\n\r\n\t    \t\t<\/div>\n\t\t\t\t<\/div>\n\t\t\t\t\t<\/div>\n\t\t<\/div>\n\t\t\t\t<div class=\"elementor-column elementor-col-33 elementor-inner-column elementor-element elementor-element-7d668c6 ot-flex-column-vertical\" data-id=\"7d668c6\" data-element_type=\"column\">\n\t\t\t<div class=\"elementor-widget-wrap elementor-element-populated\">\n\t\t\t\t\t\t\t\t<div class=\"elementor-element elementor-element-a609d95 elementor-widget elementor-widget-iserv_box_2\" data-id=\"a609d95\" data-element_type=\"widget\" data-widget_type=\"iserv_box_2.default\">\n\t\t\t\t<div class=\"elementor-widget-container\">\n\t\t\t\r\n\t\t<div class=\"serv-box-2 s2\">\r\n\t\t\t<span class=\"big-number\">03<\/span>\r\n\t\t\t<div class=\"icon-main\">\r\n\t\t        \t\t\t    \t\t        <span class=\"flaticon-shield\"><\/span>\t        <\/div>\r\n\t        <div class=\"content-box\">\r\n\t            <h5>ISO 45001:2018<\/h5>\r\n\t\t\t\t<div><br> <img loading=\"lazy\" decoding=\"async\" src=\"https:\/\/grupoexpro.com\/peru\/wp-content\/uploads\/2025\/05\/iso_45001.png\" alt=\"\" width=\"146\" height=\"145\"> <\/div>\r\n\t\t\t\t<a class=\"btn-details\"><\/a>\r\n\t        <\/div>\r\n\t    <\/div>\r\n\r\n\t    \t\t<\/div>\n\t\t\t\t<\/div>\n\t\t\t\t\t<\/div>\n\t\t<\/div>\n\t\t\t\t\t\t\t<\/div>\n\t\t<\/section>\n\t\t\t\t\t<\/div>\n\t\t<\/div>\n\t\t\t\t\t\t\t<\/div>\n\t\t<\/section>\n\t\t\t\t<section class=\"elementor-section elementor-top-section elementor-element elementor-element-f480cbc ot-traditional elementor-section-boxed elementor-section-height-default elementor-section-height-default\" data-id=\"f480cbc\" data-element_type=\"section\">\n\t\t\t\t\t\t<div class=\"elementor-container elementor-column-gap-default\">\n\t\t\t\t\t<div class=\"elementor-column elementor-col-100 elementor-top-column elementor-element elementor-element-a6bb2d4 ot-flex-column-vertical\" data-id=\"a6bb2d4\" data-element_type=\"column\">\n\t\t\t<div class=\"elementor-widget-wrap elementor-element-populated\">\n\t\t\t\t\t\t\t\t<section class=\"elementor-section elementor-inner-section elementor-element elementor-element-7a20b1d elementor-section-full_width ot-traditional elementor-section-height-default elementor-section-height-default\" data-id=\"7a20b1d\" data-element_type=\"section\" data-settings=\"{&quot;background_background&quot;:&quot;gradient&quot;}\">\n\t\t\t\t\t\t<div class=\"elementor-container elementor-column-gap-extended\">\n\t\t\t\t\t<div class=\"elementor-column elementor-col-25 elementor-inner-column elementor-element elementor-element-1abe40d ot-flex-column-vertical\" data-id=\"1abe40d\" data-element_type=\"column\">\n\t\t\t<div class=\"elementor-widget-wrap elementor-element-populated\">\n\t\t\t\t\t\t\t\t<div class=\"elementor-element elementor-element-6e1fa91 elementor-widget__width-inherit elementor-widget elementor-widget-icounter\" data-id=\"6e1fa91\" data-element_type=\"widget\" data-widget_type=\"icounter.default\">\n\t\t\t\t<div class=\"elementor-widget-container\">\n\t\t\t\t\t\t\t\t    \t<div class=\"icounter ot-counter\">\r\n\t\t        \t<div>\r\n\t\t        \t\t<span class=\"num\" data-to=\"29\" data-time= \"2000\"><\/span>\r\n\t\t        \t\t<span>+<\/span>\r\n\t\t        \t<\/div>\r\n\t\t        \t<h6>A\u00f1os Experiencia<\/h6>      \t\t\t\t        \r\n\t\t\t    <\/div>\r\n\t\t    \t    \t\t<\/div>\n\t\t\t\t<\/div>\n\t\t\t\t\t<\/div>\n\t\t<\/div>\n\t\t\t\t<div class=\"elementor-column elementor-col-25 elementor-inner-column elementor-element elementor-element-e9764ba ot-flex-column-vertical\" data-id=\"e9764ba\" data-element_type=\"column\">\n\t\t\t<div class=\"elementor-widget-wrap elementor-element-populated\">\n\t\t\t\t\t\t\t\t<div class=\"elementor-element elementor-element-fe8f31d elementor-widget elementor-widget-icounter\" data-id=\"fe8f31d\" data-element_type=\"widget\" data-widget_type=\"icounter.default\">\n\t\t\t\t<div class=\"elementor-widget-container\">\n\t\t\t\t\t\t\t\t    \t<div class=\"icounter ot-counter\">\r\n\t\t        \t<div>\r\n\t\t        \t\t<span class=\"num\" data-to=\"3\" data-time= \"2000\"><\/span>\r\n\t\t        \t\t<span><\/span>\r\n\t\t        \t<\/div>\r\n\t\t        \t<h6>Pa\u00edses<\/h6>      \t\t\t\t        \r\n\t\t\t    <\/div>\r\n\t\t    \t    \t\t<\/div>\n\t\t\t\t<\/div>\n\t\t\t\t\t<\/div>\n\t\t<\/div>\n\t\t\t\t<div class=\"elementor-column elementor-col-25 elementor-inner-column elementor-element elementor-element-3f50567 ot-flex-column-vertical\" data-id=\"3f50567\" data-element_type=\"column\">\n\t\t\t<div class=\"elementor-widget-wrap elementor-element-populated\">\n\t\t\t\t\t\t\t\t<div class=\"elementor-element elementor-element-d1eede7 elementor-widget elementor-widget-icounter\" data-id=\"d1eede7\" data-element_type=\"widget\" data-widget_type=\"icounter.default\">\n\t\t\t\t<div class=\"elementor-widget-container\">\n\t\t\t\t\t\t\t\t    \t<div class=\"icounter ot-counter\">\r\n\t\t        \t<div>\r\n\t\t        \t\t<span class=\"num\" data-to=\"12000\" data-time= \"2000\"><\/span>\r\n\t\t        \t\t<span>+<\/span>\r\n\t\t        \t<\/div>\r\n\t\t        \t<h6>Colaboradores<\/h6>      \t\t\t\t        \r\n\t\t\t    <\/div>\r\n\t\t    \t    \t\t<\/div>\n\t\t\t\t<\/div>\n\t\t\t\t\t<\/div>\n\t\t<\/div>\n\t\t\t\t<div class=\"elementor-column elementor-col-25 elementor-inner-column elementor-element elementor-element-56cb30d ot-flex-column-vertical\" data-id=\"56cb30d\" data-element_type=\"column\">\n\t\t\t<div class=\"elementor-widget-wrap elementor-element-populated\">\n\t\t\t\t\t\t\t\t<div class=\"elementor-element elementor-element-4416890 elementor-widget elementor-widget-icounter\" data-id=\"4416890\" data-element_type=\"widget\" data-widget_type=\"icounter.default\">\n\t\t\t\t<div class=\"elementor-widget-container\">\n\t\t\t\t\t\t\t\t    \t<div class=\"icounter ot-counter\">\r\n\t\t        \t<div>\r\n\t\t        \t\t<span class=\"num\" data-to=\"300\" data-time= \"2000\"><\/span>\r\n\t\t        \t\t<span>+<\/span>\r\n\t\t        \t<\/div>\r\n\t\t        \t<h6>Clientes<\/h6>      \t\t\t\t        \r\n\t\t\t    <\/div>\r\n\t\t    \t    \t\t<\/div>\n\t\t\t\t<\/div>\n\t\t\t\t\t<\/div>\n\t\t<\/div>\n\t\t\t\t\t\t\t<\/div>\n\t\t<\/section>\n\t\t\t\t\t<\/div>\n\t\t<\/div>\n\t\t\t\t\t\t\t<\/div>\n\t\t<\/section>\n\t\t\t\t\t\t\t<\/div>\n\t\t","protected":false},"excerpt":{"rendered":"<p>\/\/ Empresa Nuestras Certificaciones En GrupoExpro contamos con un s\u00f3lido portafolio de certificaciones profesionales y corporativas que respalda nuestra experiencia, compromiso con la excelencia y enfoque en resultados. Estas acreditaciones no solo demuestran nuestras capacidades en seguridad, sino que tambi\u00e9n certifican nuestra gesti\u00f3n integral en calidad, procesos, cumplimiento normativo y buenas pr\u00e1cticas operativas. Contar con [&hellip;]<\/p>\n","protected":false},"author":1,"featured_media":0,"parent":0,"menu_order":0,"comment_status":"closed","ping_status":"closed","template":"","meta":{"footnotes":""},"class_list":["post-5378","page","type-page","status-publish","hentry"],"yoast_head":"<!-- This site is optimized with the Yoast SEO plugin v22.4 - https:\/\/yoast.com\/wordpress\/plugins\/seo\/ -->\n<title>Certificaciones \/\/ Calidad y seguridad respaldadas | GrupoExpro Servicios de Ejecutivos de Atenci\u00f3n a Clientes<\/title>\n<meta name=\"description\" content=\"GrupoExpro se ha certificado en distintas tem\u00e1ticas relacionadas con las Pol\u00edticas de Seguridad de nuestros trabajadores.\" \/>\n<meta name=\"robots\" content=\"index, follow, max-snippet:-1, max-image-preview:large, max-video-preview:-1\" \/>\n<link rel=\"canonical\" href=\"https:\/\/grupoexpro.com\/peru\/certificaciones\/\" \/>\n<meta property=\"og:locale\" content=\"es_ES\" \/>\n<meta property=\"og:type\" content=\"article\" \/>\n<meta property=\"og:title\" content=\"Certificaciones \/\/ Calidad y seguridad respaldadas | GrupoExpro Servicios de Ejecutivos de Atenci\u00f3n a Clientes\" \/>\n<meta property=\"og:description\" content=\"GrupoExpro se ha certificado en distintas tem\u00e1ticas relacionadas con las Pol\u00edticas de Seguridad de nuestros trabajadores.\" \/>\n<meta property=\"og:url\" content=\"https:\/\/grupoexpro.com\/peru\/certificaciones\/\" \/>\n<meta property=\"og:site_name\" content=\"GrupoExpro\" \/>\n<meta property=\"article:publisher\" content=\"https:\/\/www.facebook.com\/GrupoExpro.Chile\/\" \/>\n<meta property=\"article:modified_time\" content=\"2026-04-01T14:15:44+00:00\" \/>\n<meta property=\"og:image\" content=\"https:\/\/grupoexpro.com\/peru\/wp-content\/uploads\/2023\/10\/rrss-1.jpg\" \/>\n\t<meta property=\"og:image:width\" content=\"1200\" \/>\n\t<meta property=\"og:image:height\" content=\"675\" \/>\n\t<meta property=\"og:image:type\" content=\"image\/jpeg\" \/>\n<meta name=\"twitter:card\" content=\"summary_large_image\" \/>\n<meta name=\"twitter:site\" content=\"@grupoExpro\" \/>\n<meta name=\"twitter:label1\" content=\"Tiempo de lectura\" \/>\n\t<meta name=\"twitter:data1\" content=\"2 minutos\" \/>\n<script type=\"application\/ld+json\" class=\"yoast-schema-graph\">{\"@context\":\"https:\/\/schema.org\",\"@graph\":[{\"@type\":\"WebPage\",\"@id\":\"https:\/\/grupoexpro.com\/peru\/certificaciones\/\",\"url\":\"https:\/\/grupoexpro.com\/peru\/certificaciones\/\",\"name\":\"Certificaciones \/\/ Calidad y seguridad respaldadas | GrupoExpro Servicios de Ejecutivos de Atenci\u00f3n a Clientes\",\"isPartOf\":{\"@id\":\"https:\/\/grupoexpro.com\/peru\/#website\"},\"primaryImageOfPage\":{\"@id\":\"https:\/\/grupoexpro.com\/peru\/certificaciones\/#primaryimage\"},\"image\":{\"@id\":\"https:\/\/grupoexpro.com\/peru\/certificaciones\/#primaryimage\"},\"thumbnailUrl\":\"https:\/\/grupoexpro.com\/peru\/wp-content\/uploads\/2026\/03\/Certificaciones-GrupoExpro.png\",\"datePublished\":\"2023-03-07T21:38:52+00:00\",\"dateModified\":\"2026-04-01T14:15:44+00:00\",\"description\":\"GrupoExpro se ha certificado en distintas tem\u00e1ticas relacionadas con las Pol\u00edticas de Seguridad de nuestros trabajadores.\",\"breadcrumb\":{\"@id\":\"https:\/\/grupoexpro.com\/peru\/certificaciones\/#breadcrumb\"},\"inLanguage\":\"es\",\"potentialAction\":[{\"@type\":\"ReadAction\",\"target\":[\"https:\/\/grupoexpro.com\/peru\/certificaciones\/\"]}]},{\"@type\":\"ImageObject\",\"inLanguage\":\"es\",\"@id\":\"https:\/\/grupoexpro.com\/peru\/certificaciones\/#primaryimage\",\"url\":\"https:\/\/grupoexpro.com\/peru\/wp-content\/uploads\/2026\/03\/Certificaciones-GrupoExpro.png\",\"contentUrl\":\"https:\/\/grupoexpro.com\/peru\/wp-content\/uploads\/2026\/03\/Certificaciones-GrupoExpro.png\",\"width\":710,\"height\":697},{\"@type\":\"BreadcrumbList\",\"@id\":\"https:\/\/grupoexpro.com\/peru\/certificaciones\/#breadcrumb\",\"itemListElement\":[{\"@type\":\"ListItem\",\"position\":1,\"name\":\"Portada\",\"item\":\"https:\/\/grupoexpro.com\/peru\/\"},{\"@type\":\"ListItem\",\"position\":2,\"name\":\"Certificaciones \/\/ Calidad y seguridad respaldadas\"}]},{\"@type\":\"WebSite\",\"@id\":\"https:\/\/grupoexpro.com\/peru\/#website\",\"url\":\"https:\/\/grupoexpro.com\/peru\/\",\"name\":\"GrupoExpro\",\"description\":\"Web\",\"publisher\":{\"@id\":\"https:\/\/grupoexpro.com\/peru\/#organization\"},\"alternateName\":\"GrupoExpro\",\"inLanguage\":\"es\"},{\"@type\":\"Organization\",\"@id\":\"https:\/\/grupoexpro.com\/peru\/#organization\",\"name\":\"GrupoExpro\",\"alternateName\":\"GrupoExpro\",\"url\":\"https:\/\/grupoexpro.com\/peru\/\",\"logo\":{\"@type\":\"ImageObject\",\"inLanguage\":\"es\",\"@id\":\"https:\/\/grupoexpro.com\/peru\/#\/schema\/logo\/image\/\",\"url\":\"https:\/\/grupoexpro.com\/peru\/wp-content\/uploads\/2023\/10\/rrss.jpg\",\"contentUrl\":\"https:\/\/grupoexpro.com\/peru\/wp-content\/uploads\/2023\/10\/rrss.jpg\",\"width\":1200,\"height\":600,\"caption\":\"GrupoExpro\"},\"image\":{\"@id\":\"https:\/\/grupoexpro.com\/peru\/#\/schema\/logo\/image\/\"},\"sameAs\":[\"https:\/\/www.facebook.com\/GrupoExpro.Chile\/\",\"https:\/\/twitter.com\/grupoExpro\",\"https:\/\/www.linkedin.com\/company\/grupo-expro\/\",\"https:\/\/www.instagram.com\/grupo_expro\/?hl=es-la\"]}]}<\/script>\n<!-- \/ Yoast SEO plugin. -->","yoast_head_json":{"title":"Certificaciones \/\/ Calidad y seguridad respaldadas | GrupoExpro Servicios de Ejecutivos de Atenci\u00f3n a Clientes","description":"GrupoExpro se ha certificado en distintas tem\u00e1ticas relacionadas con las Pol\u00edticas de Seguridad de nuestros trabajadores.","robots":{"index":"index","follow":"follow","max-snippet":"max-snippet:-1","max-image-preview":"max-image-preview:large","max-video-preview":"max-video-preview:-1"},"canonical":"https:\/\/grupoexpro.com\/peru\/certificaciones\/","og_locale":"es_ES","og_type":"article","og_title":"Certificaciones \/\/ Calidad y seguridad respaldadas | GrupoExpro Servicios de Ejecutivos de Atenci\u00f3n a Clientes","og_description":"GrupoExpro se ha certificado en distintas tem\u00e1ticas relacionadas con las Pol\u00edticas de Seguridad de nuestros trabajadores.","og_url":"https:\/\/grupoexpro.com\/peru\/certificaciones\/","og_site_name":"GrupoExpro","article_publisher":"https:\/\/www.facebook.com\/GrupoExpro.Chile\/","article_modified_time":"2026-04-01T14:15:44+00:00","og_image":[{"width":1200,"height":675,"url":"https:\/\/grupoexpro.com\/peru\/wp-content\/uploads\/2023\/10\/rrss-1.jpg","type":"image\/jpeg"}],"twitter_card":"summary_large_image","twitter_site":"@grupoExpro","twitter_misc":{"Tiempo de lectura":"2 minutos"},"schema":{"@context":"https:\/\/schema.org","@graph":[{"@type":"WebPage","@id":"https:\/\/grupoexpro.com\/peru\/certificaciones\/","url":"https:\/\/grupoexpro.com\/peru\/certificaciones\/","name":"Certificaciones \/\/ Calidad y seguridad respaldadas | GrupoExpro Servicios de Ejecutivos de Atenci\u00f3n a Clientes","isPartOf":{"@id":"https:\/\/grupoexpro.com\/peru\/#website"},"primaryImageOfPage":{"@id":"https:\/\/grupoexpro.com\/peru\/certificaciones\/#primaryimage"},"image":{"@id":"https:\/\/grupoexpro.com\/peru\/certificaciones\/#primaryimage"},"thumbnailUrl":"https:\/\/grupoexpro.com\/peru\/wp-content\/uploads\/2026\/03\/Certificaciones-GrupoExpro.png","datePublished":"2023-03-07T21:38:52+00:00","dateModified":"2026-04-01T14:15:44+00:00","description":"GrupoExpro se ha certificado en distintas tem\u00e1ticas relacionadas con las Pol\u00edticas de Seguridad de nuestros trabajadores.","breadcrumb":{"@id":"https:\/\/grupoexpro.com\/peru\/certificaciones\/#breadcrumb"},"inLanguage":"es","potentialAction":[{"@type":"ReadAction","target":["https:\/\/grupoexpro.com\/peru\/certificaciones\/"]}]},{"@type":"ImageObject","inLanguage":"es","@id":"https:\/\/grupoexpro.com\/peru\/certificaciones\/#primaryimage","url":"https:\/\/grupoexpro.com\/peru\/wp-content\/uploads\/2026\/03\/Certificaciones-GrupoExpro.png","contentUrl":"https:\/\/grupoexpro.com\/peru\/wp-content\/uploads\/2026\/03\/Certificaciones-GrupoExpro.png","width":710,"height":697},{"@type":"BreadcrumbList","@id":"https:\/\/grupoexpro.com\/peru\/certificaciones\/#breadcrumb","itemListElement":[{"@type":"ListItem","position":1,"name":"Portada","item":"https:\/\/grupoexpro.com\/peru\/"},{"@type":"ListItem","position":2,"name":"Certificaciones \/\/ Calidad y seguridad respaldadas"}]},{"@type":"WebSite","@id":"https:\/\/grupoexpro.com\/peru\/#website","url":"https:\/\/grupoexpro.com\/peru\/","name":"GrupoExpro","description":"Web","publisher":{"@id":"https:\/\/grupoexpro.com\/peru\/#organization"},"alternateName":"GrupoExpro","inLanguage":"es"},{"@type":"Organization","@id":"https:\/\/grupoexpro.com\/peru\/#organization","name":"GrupoExpro","alternateName":"GrupoExpro","url":"https:\/\/grupoexpro.com\/peru\/","logo":{"@type":"ImageObject","inLanguage":"es","@id":"https:\/\/grupoexpro.com\/peru\/#\/schema\/logo\/image\/","url":"https:\/\/grupoexpro.com\/peru\/wp-content\/uploads\/2023\/10\/rrss.jpg","contentUrl":"https:\/\/grupoexpro.com\/peru\/wp-content\/uploads\/2023\/10\/rrss.jpg","width":1200,"height":600,"caption":"GrupoExpro"},"image":{"@id":"https:\/\/grupoexpro.com\/peru\/#\/schema\/logo\/image\/"},"sameAs":["https:\/\/www.facebook.com\/GrupoExpro.Chile\/","https:\/\/twitter.com\/grupoExpro","https:\/\/www.linkedin.com\/company\/grupo-expro\/","https:\/\/www.instagram.com\/grupo_expro\/?hl=es-la"]}]}},"_links":{"self":[{"href":"https:\/\/grupoexpro.com\/peru\/wp-json\/wp\/v2\/pages\/5378","targetHints":{"allow":["GET"]}}],"collection":[{"href":"https:\/\/grupoexpro.com\/peru\/wp-json\/wp\/v2\/pages"}],"about":[{"href":"https:\/\/grupoexpro.com\/peru\/wp-json\/wp\/v2\/types\/page"}],"author":[{"embeddable":true,"href":"https:\/\/grupoexpro.com\/peru\/wp-json\/wp\/v2\/users\/1"}],"replies":[{"embeddable":true,"href":"https:\/\/grupoexpro.com\/peru\/wp-json\/wp\/v2\/comments?post=5378"}],"version-history":[{"count":146,"href":"https:\/\/grupoexpro.com\/peru\/wp-json\/wp\/v2\/pages\/5378\/revisions"}],"predecessor-version":[{"id":16735,"href":"https:\/\/grupoexpro.com\/peru\/wp-json\/wp\/v2\/pages\/5378\/revisions\/16735"}],"wp:attachment":[{"href":"https:\/\/grupoexpro.com\/peru\/wp-json\/wp\/v2\/media?parent=5378"}],"curies":[{"name":"wp","href":"https:\/\/api.w.org\/{rel}","templated":true}]}}